51 prime?
False
Is 6611891849 prime?
False
Is 1361803733 a prime number?
False
Is 23705123747 prime?
True
Is 421592363 composite?
False
Is 726080161 composite?
True
Is 14980919071 composite?
False
Is 9043641863 a prime number?
False
Is 1372074793 prime?
False
Is 391065679 a composite number?
False
Is 9907266417 a composite number?
True
Is 112693226651 composite?
True
Is 51003468071 prime?
True
Is 77697461 a prime number?
True
Is 14607367667 a composite number?
False
Is 487501318 composite?
True
Is 18676175141 a composite number?
True
Is 349170821 a prime number?
True
Is 120537313277 a composite number?
False
Is 238822351 composite?
False
Is 3222921187 prime?
True
Is 128571777098 composite?
True
Is 118422452777 a composite number?
False
Is 51283134827 a composite number?
True
Is 805229881 composite?
True
Is 12228034173 a prime number?
False
Is 1977747271 composite?
True
Is 12913259329 a prime number?
False
Is 46112498921 prime?
True
Is 60788264129 prime?
True
Is 4928348527 a composite number?
False
Is 913605031 a prime number?
False
Is 94025168609 a composite number?
False
Is 15646213463 a prime number?
True
Is 25016826119 a composite number?
True
Is 63276131951 a prime number?
True
Is 1266753443 composite?
False
Is 70672116769 composite?
False
Is 90249767 composite?
False
Is 3191960693 composite?
False
Is 191137461715 a composite number?
True
Is 91733219 a prime number?
False
Is 7324604437 a prime number?
True
Is 61779883049 composite?
True
Is 3433611589 prime?
False
Is 417302185 a composite number?
True
Is 30447547303 prime?
True
Is 2690970089 composite?
True
Is 171458083 composite?
False
Is 10732472489 a prime number?
False
Is 13614926009 prime?
False
Is 973309895 a prime number?
False
Is 9156046351 composite?
False
Is 19791116273 a prime number?
False
Is 105249233 a prime number?
False
Is 163559292779 a prime number?
True
Is 1057851023 a composite number?
False
Is 11370792163 a prime number?
True
Is 529176599 prime?
False
Is 75956012371 a prime number?
True
Is 2289492403 composite?
True
Is 36559058881 composite?
True
Is 5766551551 composite?
False
Is 44191607738 composite?
True
Is 47276808031 a composite number?
True
Is 7677475769 a composite number?
False
Is 19058291729 a composite number?
False
Is 338466792803 composite?
False
Is 4110816133 prime?
True
Is 692245045 composite?
True
Is 169653019 prime?
False
Is 6079890043 prime?
False
Is 180289589 a prime number?
True
Is 2852875583 a prime number?
True
Is 41526391493 composite?
True
Is 908096807 prime?
False
Is 84335083757 a composite number?
False
Is 526342507 composite?
True
Is 696141977 a composite number?
False
Is 11238484619 composite?
True
Is 1570532027 a prime number?
True
Is 16696127831 composite?
False
Is 20132341 a prime number?
True
Is 14348871739 prime?
False
Is 33548875697 prime?
False
Is 4341149093 a prime number?
False
Is 3172772591 a prime number?
False
Is 21286211 prime?
False
Is 383207579 prime?
True
Is 50723634007 a composite number?
True
Is 27189581501 prime?
True
Is 4942050091 a prime number?
False
Is 3173450681 prime?
False
Is 940318343 a composite number?
True
Is 439982891 prime?
True
Is 143058977827 a composite number?
False
Is 1351418381 a prime number?
True
Is 453112181 a composite number?
False
Is 16984307957 composite?
True
Is 166779865357 prime?
False
Is 503740519 a composite number?
True
Is 47093867297 composite?
False
Is 8426932403 a composite number?
True
Is 1201289957 a composite number?
True
Is 2182280447 a prime number?
True
Is 354386213 composite?
True
Is 646064483 a prime number?
False
Is 1175588341 composite?
True
Is 326565283 a prime number?
False
Is 559666187 a prime number?
True
Is 97192528327 a prime number?
True
Is 69725429 prime?
True
Is 613727513 composite?
True
Is 20461980991 a composite number?
False
Is 21348598021 a composite number?
False
Is 6093943253 composite?
True
Is 1424901647 prime?
False
Is 438011933 composite?
True
Is 20524751521 prime?
True
Is 1044401927 prime?
True
Is 163791869 composite?
False
Is 2723543993 prime?
False
Is 59817967 a prime number?
False
Is 4080998041 a composite number?
True
Is 10575360673 prime?
True
Is 2193403519 composite?
False
Is 741632889 a composite number?
True
Is 10266348107 a composite number?
True
Is 76543641293 a composite number?
True
Is 10795475749 composite?
False
Is 1122014857 prime?
True
Is 5162606237 composite?
True
Is 230713423723 prime?
True
Is 20722313474 prime?
False
Is 68372190019 a composite number?
True
Is 31508812381 prime?
True
Is 28849259687 composite?
True
Is 19572103309 a prime number?
False
Is 841670701 a prime number?
True
Is 1437618037 composite?
True
Is 62880107461 prime?
True
Is 16447428937 a prime number?
False
Is 3108229669 composite?
False
Is 14001144247 a prime number?
True
Is 155104519 prime?
False
Is 1208561269 a composite number?
True
Is 7802908259 prime?
False
Is 1982767309 prime?
True
Is 54000523 composite?
True
Is 1742372909 composite?
False
Is 4859628139 a prime number?
False
Is 421386347 prime?
False
Is 17731080629 composite?
False
Is 18700275311 a composite number?
False
Is 1997639365 prime?
False
Is 12788367269 a composite number?
False
Is 24180746647 composite?
True
Is 289564399 a prime number?
True
Is 1850488043 composite?
True
Is 23397227429 prime?
True
Is 389840611 a composite number?
True
Is 4616121431 prime?
True
Is 108088963923 composite?
True
Is 681021091 prime?
True
Is 4634673721 a composite number?
False
Is 141493907171 prime?
False
Is 3591795353 composite?
False
Is 1864097927 composite?
True
Is 1198694659 prime?
True
Is 10091068597 composite?
False
Is 76693509631 prime?
True
Is 270136499 composite?
False
Is 2557153789 prime?
False
Is 39930584779 a composite number?
True
Is 654740089 a prime number?
True
Is 11596757071 a prime number?
False
Is 1320236213 composite?
True
Is 138080385199 prime?
True
Is 3866103911 prime?
True
Is 4174959487 a composite number?
False
Is 15770066867 prime?
True
Is 99488353 a prime number?
True
Is 228939767 a prime number?
False
Is 588498143 a prime number?
True
Is 102658079 a prime number?
False
Is 22801758141 a prime number?
False
Is 39088843 composite?
False
Is 623779111 prime?
True
Is 1558171733 composite?
True
Is 5908113487 a prime number?
True
Is 56761073983 prime?
False
Is 998350069 prime?
True
Is 3692319739 prime?
False
Is 2251054829 a prime number?
True
Is 2444910037 composite?
True
Is 1371801059 composite?
False
Is 5062529 prime?
True
Is 96209489 a composite number?
False
Is 26145021047 a composite number?
True
Is 4250560477 a prime number?
False
Is 1099182781 composite?
False
Is 3175222969 a composite number?
True
Is 3427283 prime?
False
Is 1962885019 prime?
False
Is 19833743219 prime?
True
Is 234997361 prime?
False
Is 44168061967 a prime number?
True
Is 7541673319 a composite number?
True
Is 14945011663 a composite number?
True
Is 1400037371 a composite number?
False
Is 49143491645 prime?
False
Is 172191677357 composite?
True
Is 49569983147 prime?
False
Is 677657677 a prime number?
True
Is 992219053 composite?
True
Is 3018978293 a prime number?
False
Is 153733063 prime?
False
Is 2100724369 a composite number?
True
Is 2008065611 composite?
False
Is 18292945661 prime?
True
Is 258700759 prime?
True
Is 2366995593 prime?
False
Is 1914126337 prime?
True
Is 16407802193 composite?
False
Is 22531211933 composite?
False
Is 10179148861 a prime number?
False
Is 35613227 a composite number?
True
Is 488343047 a prime number?
True
Is 100436099 a composite number?
True
Is 1637896259 a prime number?
False
Is 1524129437 prime?
False
Is 6790811 a prime number?
False
Is 1069403771 a composite number?
True
Is 7317895289 a composite number?
False
Is 4758495359 a prime number?
True
Is 4142292127 composite?
False
Is 17395871 prime?
True
Is 188444657 prime?
True
Is 89851999859 composite?
False
Is 10302386659 a composite number?
False
Is 37373106143 composite?
True
Is 105042251 a prime number?
True
Is 166085587 a prime number?
True
Is 2217062909 a composite number?
True
Is 8679471707 a composite number?
True
Is 16601331707 a prime number?
False
Is 52725037213 prime?
True
Is 1766340319 prime?
True
Is 133474875889 composite?
True
Is 25069477283 a composite number?
False
Is 1448336557 a composite number?
False
Is 160951101343 a composite numb